{"id":8020,"date":"2025-05-02T16:18:38","date_gmt":"2025-05-02T14:18:38","guid":{"rendered":"https:\/\/www.u-picardie.fr\/habiterlemonde\/axe-transversal\/"},"modified":"2025-05-13T14:36:59","modified_gmt":"2025-05-13T12:36:59","slug":"axe-transversal","status":"publish","type":"page","link":"https:\/\/www.u-picardie.fr\/habiterlemonde\/axe-transversal\/","title":{"rendered":"Axe transversal m\u00e9thodologique"},"content":{"rendered":"\n<p style=\"border-radius:40px; font-size:1.1rem;\">Un axe transversal m\u00e9thodologique qui caract\u00e9rise la d\u00e9marche de recherche de l\u2019ensemble des membres de l\u2019\u00e9quipe, \u00e0 savoir une approche empirique et inductive, fond\u00e9e sur le travail de terrain. L\u2019\u00e9quipe plaide aussi pour l\u2019utilisation du multim\u00e9dia (images fixes et anim\u00e9es ; sons) dans la recherche et sa restitution.<\/p>\n","protected":false},"excerpt":{"rendered":"<p>Un axe transversal m\u00e9thodologique qui caract\u00e9rise la d\u00e9marche de recherche de l\u2019ensemble des membres de l\u2019\u00e9quipe, \u00e0 savoir une approche empirique et inductive, fond\u00e9e sur le travail de terrain. L\u2019\u00e9quipe plaide aussi pour l\u2019utilisation du multim\u00e9dia (images fixes et anim\u00e9es ; sons) dans la recherche et sa restitution.<\/p>\n","protected":false},"author":49,"featured_media":0,"parent":0,"menu_order":0,"comment_status":"closed","ping_status":"closed","template":"template-axe-transversal.php","meta":{"_acf_changed":false,"inspiro_hide_title":false,"footnotes":""},"class_list":["post-8020","page","type-page","status-publish","hentry"],"acf":[],"_links":{"self":[{"href":"https:\/\/www.u-picardie.fr\/habiterlemonde\/wp-json\/wp\/v2\/pages\/8020","targetHints":{"allow":["GET"]}}],"collection":[{"href":"https:\/\/www.u-picardie.fr\/habiterlemonde\/wp-json\/wp\/v2\/pages"}],"about":[{"href":"https:\/\/www.u-picardie.fr\/habiterlemonde\/wp-json\/wp\/v2\/types\/page"}],"author":[{"embeddable":true,"href":"https:\/\/www.u-picardie.fr\/habiterlemonde\/wp-json\/wp\/v2\/users\/49"}],"replies":[{"embeddable":true,"href":"https:\/\/www.u-picardie.fr\/habiterlemonde\/wp-json\/wp\/v2\/comments?post=8020"}],"version-history":[{"count":0,"href":"https:\/\/www.u-picardie.fr\/habiterlemonde\/wp-json\/wp\/v2\/pages\/8020\/revisions"}],"wp:attachment":[{"href":"https:\/\/www.u-picardie.fr\/habiterlemonde\/wp-json\/wp\/v2\/media?parent=8020"}],"curies":[{"name":"wp","href":"https:\/\/api.w.org\/{rel}","templated":true}]}}