{"id":215,"date":"2022-02-28T17:21:39","date_gmt":"2022-02-28T16:21:39","guid":{"rendered":"http:\/\/vps782919.ovh.net\/?page_id=215"},"modified":"2025-05-30T23:18:16","modified_gmt":"2025-05-30T21:18:16","slug":"le-labo","status":"publish","type":"page","link":"https:\/\/www.u-picardie.fr\/habiterlemonde\/le-labo\/","title":{"rendered":"Le labo"},"content":{"rendered":"<p><!-- Titre principal de la page --><\/p>\n<h6 class=\"page-title\" style=\"text-align: center; font-size: 3rem; color: #4caf50; margin-bottom: 2rem; margin-top: 0.8rem; font-family: 'Raleway', sans-serif; font-size: clamp(1.8rem, 5vw, 3rem);\">Laboratoire Habiter le Monde<\/h6>\n<p><!-- Section \u201cLe Labo\u201d --><\/p>\n<section id=\"labo\" class=\"labo-section\">\n<div class=\"labo-container\">\n<article class=\"labo-text\">\n<p class=\"intro\" style=\"text-align: justify; font-size: 1.1rem;\"><strong><em>Habiter le Monde<\/em><\/strong> est une \u00e9quipe pluridisciplinaire fond\u00e9e en 2012, compos\u00e9e d\u2019anthropologues, de g\u00e9ographes et de sociologues. Toutes et tous participent \u00e0 une r\u00e9flexion commune sur la conceptualisation de l\u2019habiter.<\/p>\n<p style=\"text-align: justify; font-size: 1.1rem;\">Habiter est une exp\u00e9rience humaine multidimensionnelle. Nous habitons des lieux et des temporalit\u00e9s, des repr\u00e9sentations et des imaginaires, des pratiques, mais aussi un corps et une langue, autant que nous sommes habit\u00e9\u00b7e\u00b7s par eux. Nous habitons avec d\u2019autres \u00eatres aupr\u00e8s desquels nous entretenons des liens r\u00e9els et\/ou virtuels.<\/p>\n<p style=\"text-align: justify; font-size: 1.1rem;\">Au-del\u00e0 d\u2019une diversit\u00e9 de th\u00e9matiques, ce qui r\u00e9unit les chercheuses et les chercheurs de cette \u00e9quipe est une attention port\u00e9e \u00e0 la dimension spatiale, \u00e0 l\u2019ancrage des pratiques, des discours et des repr\u00e9sentations dans des lieux, dans des territoires ou dans les circulations qui les d\u00e9passent ou les unissent.<\/p>\n<p style=\"text-align: justify; font-size: 1.1rem;\">Cette approche s\u2019inscrit \u00e0 diff\u00e9rentes \u00e9chelles : des interactions du quotidien aux circulations mondialis\u00e9es. Les processus identitaires, les constructions patrimoniales, les cr\u00e9ations, les inventions, les recyclages et les bricolages sont toujours situ\u00e9s, y compris parfois dans un monde pens\u00e9 comme des ensembles d\u2019espaces et de natures, d\u2019humains et d\u2019autres entit\u00e9s, tous interd\u00e9pendants, mais souvent hi\u00e9rarchis\u00e9s. Nous nous attachons dans nos recherches \u00e0 ne jamais n\u00e9gliger les in\u00e9galit\u00e9s sociales, ethniques, raciales et genr\u00e9es qui d\u00e9coulent de ces processus.<\/p>\n<p style=\"text-align: justify; font-size: 1.1rem;\">Enfin, notre \u00e9quipe se retrouve dans une d\u00e9marche m\u00e9thodologique empirique et inductive, et d\u00e9fend les multiples int\u00e9r\u00eats \u00e0 exp\u00e9rimenter de nouvelles formes d\u2019\u00e9criture de la recherche et de sa restitution.<\/p>\n<h3>Environnement de recherche de l\u2019unit\u00e9<\/h3>\n<p style=\"text-align: justify; font-size: 1.1rem;\">L\u2019\u00e9quipe <em>Habiter le Monde<\/em> est int\u00e9gr\u00e9e depuis 2018 \u00e0 la MESHS Nord de France (Lille) et est membre des GIS \u00ab Tourisme \u00bb et \u00ab Patrimoine en partage \u00bb. Elle a men\u00e9 des projets de recherche avec l\u2019Universit\u00e9 de Lille et l\u2019Universit\u00e9 du Littoral-C\u00f4te d\u2019Opale, ainsi que des partenariats avec douze universit\u00e9s \u00e9trang\u00e8res (Europe, Royaume-Uni, Botswana, Br\u00e9sil, Afrique du Sud).<\/p>\n<\/article>\n<\/div>\n<\/section>\n","protected":false},"excerpt":{"rendered":"<p>Laboratoire Habiter le Monde Habiter le Monde est une \u00e9quipe pluridisciplinaire fond\u00e9e en 2012, compos\u00e9e d\u2019anthropologues, de g\u00e9ographes et de sociologues. Toutes et tous participent \u00e0 une r\u00e9flexion commune sur la conceptualisation de l\u2019habiter. Habiter est une exp\u00e9rience humaine multidimensionnelle. Nous habitons des lieux et des temporalit\u00e9s, des repr\u00e9sentations et des imaginaires, des pratiques, mais &hellip; <\/p>\n<p class=\"link-more\"><a href=\"https:\/\/www.u-picardie.fr\/habiterlemonde\/le-labo\/\" class=\"more-link\">Lire la suite de<span class=\"screen-reader-text\">\u00ab\u00a0Le labo\u00a0\u00bb<\/span><\/a><\/p>\n","protected":false},"author":1,"featured_media":0,"parent":0,"menu_order":0,"comment_status":"closed","ping_status":"closed","template":"","meta":{"_acf_changed":false,"inspiro_hide_title":false,"footnotes":""},"class_list":["post-215","page","type-page","status-publish","hentry"],"acf":[],"_links":{"self":[{"href":"https:\/\/www.u-picardie.fr\/habiterlemonde\/wp-json\/wp\/v2\/pages\/215","targetHints":{"allow":["GET"]}}],"collection":[{"href":"https:\/\/www.u-picardie.fr\/habiterlemonde\/wp-json\/wp\/v2\/pages"}],"about":[{"href":"https:\/\/www.u-picardie.fr\/habiterlemonde\/wp-json\/wp\/v2\/types\/page"}],"author":[{"embeddable":true,"href":"https:\/\/www.u-picardie.fr\/habiterlemonde\/wp-json\/wp\/v2\/users\/1"}],"replies":[{"embeddable":true,"href":"https:\/\/www.u-picardie.fr\/habiterlemonde\/wp-json\/wp\/v2\/comments?post=215"}],"version-history":[{"count":0,"href":"https:\/\/www.u-picardie.fr\/habiterlemonde\/wp-json\/wp\/v2\/pages\/215\/revisions"}],"wp:attachment":[{"href":"https:\/\/www.u-picardie.fr\/habiterlemonde\/wp-json\/wp\/v2\/media?parent=215"}],"curies":[{"name":"wp","href":"https:\/\/api.w.org\/{rel}","templated":true}]}}