{"id":25,"date":"2021-11-23T17:16:33","date_gmt":"2021-11-23T16:16:33","guid":{"rendered":"https:\/\/www.u-picardie.fr\/crae\/?page_id=25"},"modified":"2025-10-11T12:34:46","modified_gmt":"2025-10-11T10:34:46","slug":"ogre-outils-et-gestes-de-recherches-et-decritures","status":"publish","type":"page","link":"https:\/\/www.u-picardie.fr\/crae\/ogre-outils-et-gestes-de-recherches-et-decritures\/","title":{"rendered":"OGRE &#8211; Outils et Gestes de Recherches et d&rsquo;\u00c9critures"},"content":{"rendered":"\n<p>A l\u2019intersection du savoir et de la cr\u00e9ation, cet axe consid\u00e8re que les \u0153uvres produisent de la pens\u00e9e et qu\u2019inversement la recherche scientifique peut s\u2019appr\u00e9hender par sa dimension artistique. Il interroge les outils comme les proc\u00e9d\u00e9s de recherche et de cr\u00e9ation impliquant un geste individuel ou collectif ; un geste qui, comme intention et comme r\u00e9alisation, peut conduire \u00e0 l\u2019\u00e9criture, la production, l\u2019analyse, la conceptualisation ainsi qu\u2019\u00e0 l\u2019exposition d\u2019\u0153uvres. Point commun de deux positions a priori s\u00e9par\u00e9es &#8211; l(es) artiste(s) et le(s) chercheur.euse(s), le geste est entendu \u00e0 la fois de mani\u00e8re litt\u00e9rale, comme un mouvement du corps et une assise somatique de la pens\u00e9e, et plus largement, comme un <em>ethos<\/em>, incarn\u00e9 et saisi par des outils et des m\u00e9thodologies.&nbsp;<\/p>\n\n\n\n<p>Cet axe se propose ainsi de susciter, soutenir et penser les diff\u00e9rentes modalit\u00e9s du geste en prenant pour perspective :<\/p>\n\n\n\n<ul class=\"wp-block-list\">\n<li>&#8211; des objets transversaux &#8211; hybrides, r\u00e9sultants d\u2019un processus de transplantation par exemple, de discipline en discipline ;<\/li>\n\n\n\n<li>&#8211; des formes et des m\u00e9thodologies qui cherchent l\u2019indisciplin(air)e et la travers\u00e9e des fronti\u00e8res &#8211; conf\u00e9rences-performances, recherche-cr\u00e9ation ;<\/li>\n\n\n\n<li>&#8211; des \u00e9critures d\u2019artistes et de chercheurs.euses &#8211; sch\u00e9mas, illustrations, livres, <em>ephemera, <\/em>inscriptions, traces, analyses, critiques ;<\/li>\n\n\n\n<li>&#8211; des d\u00e9placements appr\u00e9hend\u00e9s dans leurs processus, protocoles et m\u00e9thodologies.<\/li>\n<\/ul>\n\n\n\n<p>L\u2019axe OGRE anime une recherche performative : ses chercheurs.euses op\u00e8rent des d\u00e9placements, les suscitent par des \u00e9v\u00e9nements scientifiques exp\u00e9rimentaux et des protocoles singuliers. Ils observent et analysent les effets des multiples manifestations du geste.<\/p>\n\n\n\n<p>Responsables de l&rsquo;axe&nbsp;: Sally Bonn, Guillaume Pin\u00e7on<\/p>\n\n\n\n<p>Membres&nbsp;de l&rsquo;axe : Aimeric Audegond, Sally Bonn, Anna Buno, Christophe Bident, Marion Boudier, Dylan Caruso, Fabien Danesi, Pierre Eug\u00e8ne, Philippe Fauvel, Marie-H\u00e9l\u00e8ne Gauthier, Lise Lerichomme, Androula Michael, Annick Naour, Marie Pierre-Bouthier, Guillaume Pin\u00e7on, Oriane Sidre, Natacha Thi\u00e9ry, Ghislaine Vappereau<\/p>\n\n\n\n<h2 class=\"wp-block-heading\">S\u00e9minaire de l&rsquo;axe : <a href=\"https:\/\/www.u-picardie.fr\/crae\/ecrire-avec\/\" data-type=\"link\" data-id=\"https:\/\/www.u-picardie.fr\/crae\/ecrire-avec\/\"><em>\u00c9crire avec&#8230;<\/em><\/a><\/h2>\n\n\n\n<p><\/p>\n","protected":false},"excerpt":{"rendered":"A l\u2019intersection du savoir et de la cr\u00e9ation, cet axe consid\u00e8re que les \u0153uvres produisent de la pens\u00e9e et qu\u2019inversement la recherche scientifique peut s\u2019appr\u00e9hender par sa dimension artistique. Il&#8230; <a class=\"view-article\" href=\"https:\/\/www.u-picardie.fr\/crae\/ogre-outils-et-gestes-de-recherches-et-decritures\/\">Voir l&rsquo;article<\/a>","protected":false},"author":8,"featured_media":144,"parent":0,"menu_order":0,"comment_status":"closed","ping_status":"closed","template":"page-template\/custom-ogre.php","meta":{"_EventAllDay":false,"_EventTimezone":"","_EventStartDate":"","_EventEndDate":"","_EventStartDateUTC":"","_EventEndDateUTC":"","_EventShowMap":false,"_EventShowMapLink":false,"_EventURL":"","_EventCost":"","_EventCostDescription":"","_EventCurrencySymbol":"","_EventCurrencyCode":"","_EventCurrencyPosition":"","_EventDateTimeSeparator":"","_EventTimeRangeSeparator":"","_EventOrganizerID":[],"_EventVenueID":[],"_OrganizerEmail":"","_OrganizerPhone":"","_OrganizerWebsite":"","_VenueAddress":"","_VenueCity":"","_VenueCountry":"","_VenueProvince":"","_VenueState":"","_VenueZip":"","_VenuePhone":"","_VenueURL":"","_VenueStateProvince":"","_VenueLat":"","_VenueLng":"","_VenueShowMap":false,"_VenueShowMapLink":false,"footnotes":""},"class_list":["post-25","page","type-page","status-publish","has-post-thumbnail","hentry"],"_links":{"self":[{"href":"https:\/\/www.u-picardie.fr\/crae\/wp-json\/wp\/v2\/pages\/25","targetHints":{"allow":["GET"]}}],"collection":[{"href":"https:\/\/www.u-picardie.fr\/crae\/wp-json\/wp\/v2\/pages"}],"about":[{"href":"https:\/\/www.u-picardie.fr\/crae\/wp-json\/wp\/v2\/types\/page"}],"author":[{"embeddable":true,"href":"https:\/\/www.u-picardie.fr\/crae\/wp-json\/wp\/v2\/users\/8"}],"replies":[{"embeddable":true,"href":"https:\/\/www.u-picardie.fr\/crae\/wp-json\/wp\/v2\/comments?post=25"}],"version-history":[{"count":16,"href":"https:\/\/www.u-picardie.fr\/crae\/wp-json\/wp\/v2\/pages\/25\/revisions"}],"predecessor-version":[{"id":2111,"href":"https:\/\/www.u-picardie.fr\/crae\/wp-json\/wp\/v2\/pages\/25\/revisions\/2111"}],"wp:featuredmedia":[{"embeddable":true,"href":"https:\/\/www.u-picardie.fr\/crae\/wp-json\/wp\/v2\/media\/144"}],"wp:attachment":[{"href":"https:\/\/www.u-picardie.fr\/crae\/wp-json\/wp\/v2\/media?parent=25"}],"curies":[{"name":"wp","href":"https:\/\/api.w.org\/{rel}","templated":true}]}}

OGRE &#8211; Outils et Gestes de Recherches et d&rsquo;Écritures

<p>A l’intersection du savoir et de la création, cet axe considère que les œuvres produisent de la pensée et qu’inversement la recherche scientifique peut s’appréhender par sa dimension artistique. Il interroge les outils comme les procédés de recherche et de création impliquant un geste individuel ou collectif ; un geste qui, comme intention et comme réalisation, peut conduire à l’écriture, la production, l’analyse, la conceptualisation ainsi qu’à l’exposition d’œuvres. Point commun de deux positions a priori séparées &#8211; l(es) artiste(s) et le(s) chercheur.euse(s), le geste est entendu à la fois de manière littérale, comme un mouvement du corps et une assise somatique de la pensée, et plus largement, comme un <em>ethos</em>, incarné et saisi par des outils et des méthodologies.&nbsp;</p>



<p>Cet axe se propose ainsi de susciter, soutenir et penser les différentes modalités du geste en prenant pour perspective :</p>



<ul class="wp-block-list">
<li>&#8211; des objets transversaux &#8211; hybrides, résultants d’un processus de transplantation par exemple, de discipline en discipline ;</li>



<li>&#8211; des formes et des méthodologies qui cherchent l’indisciplin(air)e et la traversée des frontières &#8211; conférences-performances, recherche-création ;</li>



<li>&#8211; des écritures d’artistes et de chercheurs.euses &#8211; schémas, illustrations, livres, <em>ephemera, </em>inscriptions, traces, analyses, critiques ;</li>



<li>&#8211; des déplacements appréhendés dans leurs processus, protocoles et méthodologies.</li>
</ul>



<p>L’axe OGRE anime une recherche performative : ses chercheurs.euses opèrent des déplacements, les suscitent par des événements scientifiques expérimentaux et des protocoles singuliers. Ils observent et analysent les effets des multiples manifestations du geste.</p>



<p>Responsables de l&rsquo;axe&nbsp;: Sally Bonn, Guillaume Pinçon</p>



<p>Membres&nbsp;de l&rsquo;axe : Aimeric Audegond, Sally Bonn, Anna Buno, Christophe Bident, Marion Boudier, Dylan Caruso, Fabien Danesi, Pierre Eugène, Philippe Fauvel, Marie-Hélène Gauthier, Lise Lerichomme, Androula Michael, Annick Naour, Marie Pierre-Bouthier, Guillaume Pinçon, Oriane Sidre, Natacha Thiéry, Ghislaine Vappereau</p>



<h2 class="wp-block-heading">Séminaire de l&rsquo;axe : <a href="https://www.u-picardie.fr/crae/ecrire-avec/" data-type="link" data-id="https://www.u-picardie.fr/crae/ecrire-avec/"><em>Écrire avec&#8230;</em></a></h2>



<p></p>

A l’intersection du savoir et de la création, cet axe considère que les œuvres produisent de la pensée et qu’inversement la recherche scientifique peut s’appréhender par sa dimension artistique. Il&#8230; <a class="view-article" href="https://www.u-picardie.fr/crae/ogre-outils-et-gestes-de-recherches-et-decritures/">Voir l&rsquo;article</a>
