{"id":523,"date":"2024-01-24T17:28:24","date_gmt":"2024-01-24T16:28:24","guid":{"rendered":"https:\/\/www.u-picardie.fr\/colloqueobjet2019\/?page_id=523"},"modified":"2024-01-24T17:30:23","modified_gmt":"2024-01-24T16:30:23","slug":"synthese-du-colloque","status":"publish","type":"page","link":"https:\/\/www.u-picardie.fr\/colloqueobjet2019\/synthese-du-colloque\/","title":{"rendered":"Synth\u00e8se du colloque"},"content":{"rendered":"\n<p>Texte de la synth\u00e8se du colloque par Alain Panero (Universit\u00e9 de Picardie Jules Verne &#8211; CAREF) publi\u00e9 sur HAL le 19 avril 2023, URL : <a href=\"https:\/\/hal.science\/hal-04032249\" class=\"ek-link\">https:\/\/hal.science\/hal-04032249<\/a><\/p>\n\n\n\n<p><\/p>\n\n\n\n<p><a href=\"https:\/\/hal.science\/hal-04032249\" rel=\"noreferrer noopener\" target=\"_blank\"><\/a><\/p>\n","protected":false},"excerpt":{"rendered":"<p>Texte de la synth\u00e8se du colloque par Alain Panero (Universit\u00e9 de Picardie Jules Verne &#8211; CAREF) publi\u00e9 sur HAL le 19 avril 2023, URL : https:\/\/hal.science\/hal-04032249<\/p>\n","protected":false},"author":3,"featured_media":0,"parent":0,"menu_order":0,"comment_status":"closed","ping_status":"closed","template":"","meta":{"_editorskit_title_hidden":false,"_editorskit_reading_time":0,"_editorskit_is_block_options_detached":false,"_editorskit_block_options_position":"{}","footnotes":""},"_links":{"self":[{"href":"https:\/\/www.u-picardie.fr\/colloqueobjet2019\/wp-json\/wp\/v2\/pages\/523"}],"collection":[{"href":"https:\/\/www.u-picardie.fr\/colloqueobjet2019\/wp-json\/wp\/v2\/pages"}],"about":[{"href":"https:\/\/www.u-picardie.fr\/colloqueobjet2019\/wp-json\/wp\/v2\/types\/page"}],"author":[{"embeddable":true,"href":"https:\/\/www.u-picardie.fr\/colloqueobjet2019\/wp-json\/wp\/v2\/users\/3"}],"replies":[{"embeddable":true,"href":"https:\/\/www.u-picardie.fr\/colloqueobjet2019\/wp-json\/wp\/v2\/comments?post=523"}],"version-history":[{"count":3,"href":"https:\/\/www.u-picardie.fr\/colloqueobjet2019\/wp-json\/wp\/v2\/pages\/523\/revisions"}],"predecessor-version":[{"id":527,"href":"https:\/\/www.u-picardie.fr\/colloqueobjet2019\/wp-json\/wp\/v2\/pages\/523\/revisions\/527"}],"wp:attachment":[{"href":"https:\/\/www.u-picardie.fr\/colloqueobjet2019\/wp-json\/wp\/v2\/media?parent=523"}],"curies":[{"name":"wp","href":"https:\/\/api.w.org\/{rel}","templated":true}]}}

Synthèse du colloque

<p>Texte de la synthèse du colloque par Alain Panero (Université de Picardie Jules Verne &#8211; CAREF) publié sur HAL le 19 avril 2023, URL : <a href="https://hal.science/hal-04032249" class="ek-link">https://hal.science/hal-04032249</a></p>



<p></p>



<p><a href="https://hal.science/hal-04032249" rel="noreferrer noopener" target="_blank"></a></p>

<p>Texte de la synthèse du colloque par Alain Panero (Université de Picardie Jules Verne &#8211; CAREF) publié sur HAL le 19 avril 2023, URL : https://hal.science/hal-04032249</p>
