{"id":473,"date":"2023-12-15T14:27:28","date_gmt":"2023-12-15T13:27:28","guid":{"rendered":"https:\/\/www.u-picardie.fr\/colloqueobjet2019\/?page_id=473"},"modified":"2023-12-15T14:30:19","modified_gmt":"2023-12-15T13:30:19","slug":"comite-scientifique","status":"publish","type":"page","link":"https:\/\/www.u-picardie.fr\/colloqueobjet2019\/comite-scientifique\/","title":{"rendered":"Comit\u00e9 scientifique"},"content":{"rendered":"\n<p><strong><em>Comit\u00e9 scientifique du colloque :<\/em><\/strong><br>Jacques Audran (Insa Strasbourg), Cora Cohen-Azria (Universit\u00e9 de Lille, CIREL), C\u00e9dric Fluckiger (Universit\u00e9 de Lille, CIREL), C\u00e9dric Fr\u00e9tign\u00e9 (Universit\u00e9 Paris Est Cr\u00e9teil, LIRTES), Jo\u00ebl Lebeaume (Universit\u00e9 Paris-Descartes, EDA), Anne-Laure Le Guern (Universit\u00e9 de Caen Normandie, CIRNEF), Corinne Marlot (Haute \u00e9cole p\u00e9dagogique du canton de Vaud), Th\u00e9r\u00e8se Perez-Roux (Universit\u00e9 Paul-Val\u00e9ry Montpellier, LIRDEF) Val\u00e9rie Tartas (Universit\u00e9 de Toulouse Jean Jaur\u00e8s, CLLE), JeanFran\u00e7ois Th\u00e9mines (Universit\u00e9 de Caen-Normandie, ESO).<br><em>Et les membres du comit\u00e9 d\u2019organisation<\/em><br><br><strong><em>Comit\u00e9 d\u2019organisation<\/em><\/strong> (Universit\u00e9 de Picardie Jules Verne, CAREF) :<br>Christine Berzin, Jo\u00ebl Bisault, Justine Breton, C\u00e9line Chanoine, Anne Delbrayelle, B\u00e9atrice Finet, Roselyne Le Bourgeois, Micka\u00ebl Le Mentec, Sophie Pelissier<br><br><strong><em>Secr\u00e9tariat :<\/em><\/strong> Ga\u00eblle Stephan-Blanchard et Oph\u00e9lie Aksu (Universit\u00e9 de Picardie Jules Verne, CAREF)<\/p>\n","protected":false},"excerpt":{"rendered":"<p>Comit\u00e9 scientifique du colloque :Jacques Audran (Insa Strasbourg), Cora Cohen-Azria (Universit\u00e9 de Lille, CIREL), C\u00e9dric Fluckiger (Universit\u00e9 de Lille, CIREL), C\u00e9dric Fr\u00e9tign\u00e9 (Universit\u00e9 Paris Est Cr\u00e9teil, LIRTES), Jo\u00ebl Lebeaume (Universit\u00e9&#8230; <a href=\"https:\/\/www.u-picardie.fr\/colloqueobjet2019\/comite-scientifique\/\">Read more &raquo;<\/a><\/p>\n","protected":false},"author":3,"featured_media":0,"parent":0,"menu_order":0,"comment_status":"closed","ping_status":"closed","template":"","meta":{"_editorskit_title_hidden":false,"_editorskit_reading_time":0,"_editorskit_is_block_options_detached":false,"_editorskit_block_options_position":"{}","footnotes":""},"_links":{"self":[{"href":"https:\/\/www.u-picardie.fr\/colloqueobjet2019\/wp-json\/wp\/v2\/pages\/473"}],"collection":[{"href":"https:\/\/www.u-picardie.fr\/colloqueobjet2019\/wp-json\/wp\/v2\/pages"}],"about":[{"href":"https:\/\/www.u-picardie.fr\/colloqueobjet2019\/wp-json\/wp\/v2\/types\/page"}],"author":[{"embeddable":true,"href":"https:\/\/www.u-picardie.fr\/colloqueobjet2019\/wp-json\/wp\/v2\/users\/3"}],"replies":[{"embeddable":true,"href":"https:\/\/www.u-picardie.fr\/colloqueobjet2019\/wp-json\/wp\/v2\/comments?post=473"}],"version-history":[{"count":2,"href":"https:\/\/www.u-picardie.fr\/colloqueobjet2019\/wp-json\/wp\/v2\/pages\/473\/revisions"}],"predecessor-version":[{"id":476,"href":"https:\/\/www.u-picardie.fr\/colloqueobjet2019\/wp-json\/wp\/v2\/pages\/473\/revisions\/476"}],"wp:attachment":[{"href":"https:\/\/www.u-picardie.fr\/colloqueobjet2019\/wp-json\/wp\/v2\/media?parent=473"}],"curies":[{"name":"wp","href":"https:\/\/api.w.org\/{rel}","templated":true}]}}

Comité scientifique

<p><strong><em>Comité scientifique du colloque :</em></strong><br>Jacques Audran (Insa Strasbourg), Cora Cohen-Azria (Université de Lille, CIREL), Cédric Fluckiger (Université de Lille, CIREL), Cédric Frétigné (Université Paris Est Créteil, LIRTES), Joël Lebeaume (Université Paris-Descartes, EDA), Anne-Laure Le Guern (Université de Caen Normandie, CIRNEF), Corinne Marlot (Haute école pédagogique du canton de Vaud), Thérèse Perez-Roux (Université Paul-Valéry Montpellier, LIRDEF) Valérie Tartas (Université de Toulouse Jean Jaurès, CLLE), JeanFrançois Thémines (Université de Caen-Normandie, ESO).<br><em>Et les membres du comité d’organisation</em><br><br><strong><em>Comité d’organisation</em></strong> (Université de Picardie Jules Verne, CAREF) :<br>Christine Berzin, Joël Bisault, Justine Breton, Céline Chanoine, Anne Delbrayelle, Béatrice Finet, Roselyne Le Bourgeois, Mickaël Le Mentec, Sophie Pelissier<br><br><strong><em>Secrétariat :</em></strong> Gaëlle Stephan-Blanchard et Ophélie Aksu (Université de Picardie Jules Verne, CAREF)</p>

<p>Comité scientifique du colloque :Jacques Audran (Insa Strasbourg), Cora Cohen-Azria (Université de Lille, CIREL), Cédric Fluckiger (Université de Lille, CIREL), Cédric Frétigné (Université Paris Est Créteil, LIRTES), Joël Lebeaume (Université&#8230; <a href="https://www.u-picardie.fr/colloqueobjet2019/comite-scientifique/">Read more &raquo;</a></p>
